lculate the remainder when c is divided by 6.
4
Let x = 1 - -1. Let g(n) = 0*n**2 - 2*n - 3*n + n**x + 4. Calculate the remainder when g(6) is divided by 6.
4
Let s = -48 + 82. Calculate the remainder when 66 is divided by s.
32
Let p(k) be the first derivative of -1 + k - 5/2*k**2. Calculate the remainder when 16 is divided by p(-1).
4
Suppose 0 = -u + 7 + 2. Calculate the remainder when u is divided by 5.
4
Suppose 3*t = -12 + 3. Let i(b) = -b. Let h be i(t). Let n(z) = z**2 + z - 1. What is the remainder when 20 is divided by n(h)?
9
Suppose 0*t - 4*t + 4*k + 32 = 0, 3*k = -3*t. Let a(f) be the first derivative of f**3/3 + 3*f**2 - 5*f + 1. Calculate the remainder when t is divided by a(-7).
0
Suppose 6*s - s + 36 = 4*d, 2*s - 27 = -3*d. Calculate the remainder when (9/1)/((-3)/(-8)) is divided by d.
6
Let y(w) = 4*w - 3. Let i be y(2). Suppose 20 = i*k - 0. Suppose 7 + 5 = 4*b. What is the remainder when k is divided by b?
1
Let v = 1 + 1. Let y(z) = 0*z - v - 2 + 0*z + 2*z. Calculate the remainder when 2 is divided by y(3).
0
Let q = 0 + 4. What is the remainder when q is divided by 1?
0
Let r = -7 + 13. Let l = -6 - -16. Calculate the remainder when l is divided by r.
4
What is the remainder when 86 is divided by (-109)/(-7) - 4/7?
11
Let q = -4 + 1. Calculate the remainder when ((-44)/(-10))/(q/(-15)) is divided by 4/(-10) + (-62)/(-5).
10
What is the remainder when 7 + -9 + (69 - 2) is divided by 22?
21
Suppose 0 = -2*j - j + 21. Let v(w) = w**2 + 4. What is the remainder when v(4) is divided by j?
6
Suppose 0 = 2*z + 4*a - 26, 7*z + 2*a - 25 = 2*z. Let q be ((0 - z)/(-3))/(-1). Calculate the remainder when 28 is divided by (-9)/(-6)*(q + 11).
13
Suppose -v + 2*v = 0. Suppose v = 2*s + 2 - 4. Calculate the remainder when 1 is divided by s.
0
Suppose 31 = 2*t - b, 5*b = 6*t - t - 65. Suppose 2*w - 3*d = 7 + 7, 30 = 4*w - 5*d. Calculate the remainder when t is divided by w.
8
Calculate the remainder when 15 is divided by ((-4)/(-8))/((-1)/(-12)).
3
Suppose -j + 0*k - 5*k = -18, k + 14 = 2*j. Calculate the remainder when 14 is divided by j.
6
Let b(c) = -7*c + 2. Let i be b(2). Let d(f) = 4*f**2 - 15*f - 15. Let x be d(11). Calculate the remainder when (-2)/6 - x/i is divided by 13.
12
Suppose y = -0*y. Let v = y + 2. Suppose v*m = -m + 15. What is the remainder when m is divided by 2?
1
Let q = -117 - -129. What is the remainder when q is divided by 8?
4
Let j(b) = 6*b - 2. What is the remainder when 134 is divided by j(6)?
32
Let s be 0/(3*-1) - 3. Suppose -3*k - 5*h - 73 = -7*k, 2*k - 49 = 5*h. What is the remainder when 56 is divided by 2*s/(k/(-38))?
18
Let g(c) = -2*c**2 + 5*c - 2. Let i be g(5). Let s = 40 + i. What is the remainder when s is divided by (0 - (1 + -2))*5?
3
Suppose -19 = -3*o - 5*k, 3*k - 12 = o + k. Calculate the remainder when 13 is divided by (3 - (o - 0))/1.
3
Let x be -3 - (0 - (-3 - -4)). What is the remainder when 5 is divided by -3 - 10*1/x?
1
Let s = 94 + 41. Let d = -76 + s. What is the remainder when d is divided by 15?
14
Calculate the remainder when (-4)/(-3)*(-27)/(-6) is divided by 4.
2
Let l(n) = 21*n**3 - n**2 + n - 1. Calculate the remainder when 97 is divided by l(1).
17
Suppose 4*u = 4*d + 32 + 12, -87 = -5*u - 3*d. What is the remainder when 131 is divided by u?
11
Let q(p) = 2*p**3 - p**2 - p - 2. Let b be q(2). Suppose 0 = -b*u + 3*u + 125. Calculate the remainder when u is divided by 7.
4
Suppose 9 - 69 = -4*n. Let o(m) = -11*m - 9. Let c(q) = -q. Let r(x) = -5*c(x) - o(x). What is the remainder when r(3) is divided by n?
12
Let m be 48 - (9/(-3) + 2). Let h = -14 + m. Calculate the remainder when h is divided by 12.
11
Calculate the remainder when (19/4)/(0 - (-4)/48) is divided by 17.
6
Let g = 26 + 37. Let f = -2 + 6. Suppose -3*z + 19 = f*v - g, 5*v + 40 = z. What is the remainder when z is divided by 8?
6
Let p(r) = r - 4. Let w be p(5). Let t = w + 9. What is the remainder when 19 is divided by t?
9
Let y = -30 - -46. Calculate the remainder when 29 is divided by y.
13
Suppose 0*y + y + 5 = 0, 4*y - 26 = -2*b. Let i(s) = -s**2 + 9*s + 12. What is the remainder when b is divided by i(9)?
11
Let m = 55 - 32. What is the remainder when 43 is divided by m?
20
Let t(k) = 24*k**3 + 2*k**2 - 1. Calculate the remainder when 48 is divided by t(1).
23
Suppose -19 = -3*n - 5*i + 3*i, 2*i = -2*n + 10. Suppose -f - 5*z = -11, -3*f + 24 + n = 4*z. What is the remainder when -1 + (-3)/(-2)*22 is divided by f?
10
Let s be 22/8 + 1/4. Suppose -h = -5*h + 8. What is the remainder when s + -1*(2 - 3) is divided by h?
0
Let q(p) = -p**3 - 18*p**2 + 12*p - 37. What is the remainder when q(-19) is divided by 14?
12
Let b(u) = -u**3 + 8*u**2 + 21*u + 13. What is the remainder when 90 is divided by b(10)?
21
Let t(k) = k**3 + 2*k**2 - 5*k - 2. What is the remainder when t(3) is divided by 16?
12
Suppose 4*b - 3*t = 5, 2*t = 2*b + 7*t - 35. Let z = -14 - -30. Suppose -6*n + z = -2*n. Calculate the remainder when b is divided by n.
1
Let j(g) = 4*g - 14. Let f(w) = 5 - 3 + 0 - 4*w. Calculate the remainder when j(8) is divided by f(-2).
8
Let m = 6 + 1. Suppose -4*y + 3*c = -29, -7*y - 4*c + 75 = -2*y. Let h = y - m. What is the remainder when 10 is divided by h?
2
Let s(u) = -u + 45. What is the remainder when 98 is divided by s(20)?
23
Let p(f) = -f**2 + 13*f - 12. What is the remainder when 165 is divided by p(8)?
25
Let m = 18 + 0. What is the remainder when m is divided by -6*(44/(-12) - -2)?
8
Let t(x) = x - 4. Let k(h) = -3*h + 1. Let b be k(-2). What is the remainder when 3 is divided by t(b)?
0
Let l(r) = -r**2 - 12*r - 14. What is the remainder when l(-9) is divided by 8?
5
What is the remainder when 5 is divided by (4/(-3))/((-34)/51)?
1
Suppose 3*s - 23 = -f + 4, 4*s = 3*f + 49. What is the remainder when s is divided by 39/9 - (-2)/(-6)?
2
Let i = -18 - 2. Let u = i - -31. Let h = 10 + -4. Calculate the remainder when u is divided by h.
5
Let s(w) = w**2 - 4 + 0*w + 8*w + 4*w**2 - 3*w**2. Let z be s(-6). Let g = z + -2. What is the remainder when 35 is divided by g?
17
Let c be (20/(-15))/((-1)/3). Suppose 0*n = -c*n + 36. What is the remainder when 25 is divided by n?
7
Suppose 4*m - 7*m + 75 = 0. Calculate the remainder when m is divided by 11.
3
What is the remainder when 3 + (5 - 3) + -3 is divided by 2/4 - 3/(-6)?
0
Suppose u = 6*u - 35. Suppose 35 + 22 = 3*c. What is the remainder when c is divided by u?
5
Let p be 188/32 + 2/16. Suppose -5 = n, 0 = -y + p*n - 2*n + 27. Calculate the remainder when 27 is divided by y.
6
Suppose 0 = 2*p - 71 - 91. Let d = -46 + -1. Let f = p + d. Calculate the remainder when f is divided by 12.
10
Let m = -15 + 36. What is the remainder when m is divided by 9?
3
Suppose -3*q + 792 = -3*t, 5*q + 4*t = 420 + 891. What is the remainder when q is divided by 38?
35
Suppose 0 = -3*a + 4 - 28. Calculate the remainder when ((-10)/a)/((-2)/(-56)) is divided by 9.
8
Let b = 49 - 45. What is the remainder when 8 is divided by b?
0
Let c(u) = u**2 - 8*u + 1. Let p be c(7). Calculate the remainder when 3/p - (-90)/4 is divided by 8.
6
Let n(o) = o**3 + o**2 + 5. Let h be n(0). Suppose -4*s - 4*k = 4, h = -3*s + 2*k - 4*k. Calculate the remainder when 5 is divided by 3*(-3)/9*s.
2
Suppose 3 + 0 = t. Calculate the remainder when (-2 - -6) + t + -1 is divided by 4.
2
Suppose -o = -2, -3*d = -0*d - 3*o + 27. What is the remainder when d/((-11)/(-6) + -2) is divided by ((-4)/3)/(4/(-66))?
20
Let v(r) = 2*r**3 + r**2 + 6*r**2 - 4 + 2*r**2 - r**3. What is the remainder when v(-4) is divided by 26?
24
Let g = 20 + -15. Suppose -n = 4, 0*y + g*n = -5*y. Let h(p) = p**2 + 3*p + 2. What is the remainder when y is divided by h(-3)?
0
Let w(q) = q**2 + 4*q - 3. Let k(h) = -h**2 - 7*h + 2. Let z be k(-7). Let t = 51 + -17. Calculate the remainder when t is divided by w(z).
7
Let l = 4 - -1. Suppose 0 = -2*o - 8 + 30. Calculate the remainder when (l + -1)/(2/16) is divided by o.
10
Let r(s) = s**3 + 6*s**2 + 5*s + 3. Let h be r(-3). Let t = h - -14. Suppose t + 127 = 3*k. What is the remainder when k is divided by 18?
16
Suppose n + 5 = 10. Suppose 5*z - 100 = -n*l, 0 = -4*z - 0*z - 3*l + 75. What is the remainder when (7/(-3))/(2/(-24)) is divided by z?
13
Suppose 3*v = 5*q - 106 - 2